lse
Is 3601047767 a composite number?
False
Is 541317421 composite?
True
Is 9220946957 a prime number?
True
Is 11304002117 a composite number?
True
Is 1036916143 a composite number?
False
Is 3257893267 composite?
True
Is 108007577 a prime number?
True
Is 1614988693 composite?
False
Is 40082626351 a prime number?
True
Is 4926549623 a prime number?
True
Is 82597982027 composite?
True
Is 404667701 prime?
True
Is 178623183209 a prime number?
False
Is 5372043301 prime?
True
Is 30828076143 prime?
False
Is 1569424807 a composite number?
False
Is 61525596499 a composite number?
False
Is 3062828227 a composite number?
True
Is 24323773099 composite?
False
Is 2536129667 a prime number?
True
Is 2159786143 a composite number?
False
Is 20025719569 a prime number?
True
Is 387172957 prime?
True
Is 99138511 composite?
True
Is 18513213157 prime?
True
Is 55264533991 composite?
False
Is 831264251 prime?
False
Is 17868935797 a composite number?
True
Is 153469997 a composite number?
False
Is 4305784871 a composite number?
True
Is 4528879085 a prime number?
False
Is 171479486119 a prime number?
True
Is 813881819 composite?
False
Is 11171670941 a composite number?
True
Is 64879308871 composite?
True
Is 117290320067 a composite number?
True
Is 713526179 a composite number?
True
Is 479501207 a composite number?
False
Is 11489855023 a composite number?
True
Is 2095786223 a composite number?
True
Is 41207258951 composite?
False
Is 3056556494 a prime number?
False
Is 53080099 prime?
True
Is 66279264455 composite?
True
Is 6759302699 prime?
True
Is 265652671021 prime?
True
Is 67711464269 prime?
True
Is 4316316053 composite?
True
Is 317931623 a prime number?
True
Is 532782221 a composite number?
False
Is 1257024149 a prime number?
False
Is 97041127 a composite number?
False
Is 56320732189 composite?
True
Is 1014049801 a composite number?
True
Is 185647369 a composite number?
True
Is 1294297889 composite?
False
Is 132436382821 a composite number?
False
Is 114877067 a prime number?
False
Is 3255044777 a prime number?
True
Is 3031313797 composite?
False
Is 30732669223 a prime number?
False
Is 760833571 prime?
False
Is 58003977323 composite?
False
Is 24016241297 a prime number?
True
Is 329595201049 prime?
True
Is 37725767539 prime?
True
Is 3671906131 a composite number?
False
Is 5908153181 composite?
True
Is 384019194181 a composite number?
True
Is 1023843883 a composite number?
False
Is 21773577833 composite?
True
Is 25194686123 a composite number?
True
Is 35031820193 a composite number?
False
Is 6081049727 a prime number?
False
Is 9305972681 a prime number?
True
Is 16138007233 a composite number?
False
Is 873879073 a prime number?
True
Is 57827249 a prime number?
False
Is 79057594465 prime?
False
Is 21680635901 prime?
True
Is 2551339793 composite?
False
Is 3867226189 a prime number?
True
Is 84766223 composite?
True
Is 512203019 prime?
True
Is 48758854631 prime?
False
Is 48054656497 a composite number?
False
Is 1404011431 prime?
True
Is 2339066131 prime?
True
Is 2367951037 composite?
False
Is 15004277 a prime number?
False
Is 326568665 a prime number?
False
Is 12146695127 composite?
True
Is 46211572801 a composite number?
True
Is 5846049947 a composite number?
True
Is 590333242 a prime number?
False
Is 8933878999 composite?
False
Is 3893341295 a prime number?
False
Is 5163746183 a composite number?
True
Is 9213766433 prime?
True
Is 1713014159 a composite number?
False
Is 67437413447 a composite number?
True
Is 278304049 a prime number?
False
Is 310798415 composite?
True
Is 1348451647 a prime number?
True
Is 222758539 a composite number?
False
Is 10737148999 prime?
False
Is 1317182891 a prime number?
True
Is 753165689 prime?
False
Is 27105393335 prime?
False
Is 5653903253 a composite number?
True
Is 435869818 a composite number?
True
Is 115889522291 prime?
False
Is 1166475559 a prime number?
True
Is 1245113227 a prime number?
True
Is 7658429983 prime?
False
Is 913325909 prime?
True
Is 21874910807 prime?
False
Is 44498615801 composite?
True
Is 910943197 prime?
True
Is 61199925539 a composite number?
True
Is 1277560631 composite?
False
Is 2546036237 prime?
False
Is 3422400299 a prime number?
False
Is 15772384051 a composite number?
False
Is 10434517139 composite?
True
Is 65388550243 a prime number?
False
Is 4842186487 prime?
True
Is 4483550395 a composite number?
True
Is 61511486719 a composite number?
False
Is 66085043027 a prime number?
False
Is 13652535769 composite?
False
Is 1109675789 a composite number?
True
Is 6206002721 prime?
False
Is 1174394563 a composite number?
False
Is 27207689615 prime?
False
Is 1068941779 prime?
True
Is 4032692173 prime?
True
Is 331973077 composite?
True
Is 27909018323 a composite number?
False
Is 7891764223 a prime number?
False
Is 3205718723 composite?
False
Is 7326328327 a composite number?
False
Is 915228953 a prime number?
True
Is 2146617311 a composite number?
True
Is 99357969671 composite?
True
Is 6641540179 composite?
False
Is 22055955331 prime?
False
Is 3594713131 a composite number?
True
Is 16046264233 prime?
True
Is 3071317 composite?
False
Is 220781987 a composite number?
False
Is 6458735473 prime?
False
Is 2425388051 a prime number?
True
Is 216530569 prime?
True
Is 204294251545 a composite number?
True
Is 9079850089 composite?
True
Is 1657962811 a prime number?
True
Is 8411080171 prime?
False
Is 57010189 composite?
False
Is 610657357 a composite number?
True
Is 141562979 prime?
True
Is 1909524047 prime?
False
Is 58005761 a composite number?
True
Is 25095575467 a prime number?
True
Is 9916460959 composite?
False
Is 637418827 prime?
False
Is 1910264387 prime?
True
Is 10919239 composite?
False
Is 5703480599 a prime number?
False
Is 14389041071 prime?
False
Is 27281316091 a composite number?
False
Is 5158045093 a composite number?
False
Is 546680149 a composite number?
False
Is 831551179 prime?
False
Is 1858791643 prime?
False
Is 76190696041 composite?
True
Is 367776271 prime?
True
Is 1573155211 prime?
True
Is 620001301 prime?
True
Is 14547888379 composite?
False
Is 17921433941 a composite number?
False
Is 447301171 a prime number?
False
Is 24961040213 a prime number?
False
Is 4415723821 a composite number?
True
Is 15167742493 a prime number?
False
Is 691512511 a composite number?
True
Is 17726454562 a prime number?
False
Is 559670819 composite?
False
Is 160905251147 prime?
True
Is 234657377 prime?
True
Is 6710183059 prime?
True
Is 10083663839 a prime number?
True
Is 740291413 composite?
False
Is 424522979 a composite number?
True
Is 7092099691 a prime number?
True
Is 4382503 a prime number?
True
Is 2330056181 a composite number?
False
Is 164893522829 a composite number?
True
Is 3190247 a prime number?
True
Is 16721310061 prime?
False
Is 1839645641 a prime number?
False
Is 81698872201 prime?
True
Is 843049027 a composite number?
True
Is 134352832301 a prime number?
True
Is 804816121 a prime number?
True
Is 1832038889 prime?
True
Is 237158161 a prime number?
False
Is 259798813 prime?
True
Is 4702381391 prime?
True
Is 39672863267 composite?
False
Is 14856144757 prime?
False
Is 562159542043 a prime number?
False
Is 1137939683 a composite number?
False
Is 2336780653 a composite number?
True
Is 1537556281 a prime number?
False
Is 1037175197 prime?
False
Is 333384481 a prime number?
True
Is 9732042149 a prime number?
True
Is 29952355387 composite?
True
Is 26094358139 prime?
True
Is 42111250369 prime?
True
Is 20455795771 composite?
False
Is 370059407 composite?
False
Is 99429021129 a prime number?
False
Is 2886293615 a composite number?
True
Is 11081525795 composite?
True
Is 136184605501 composite?
True
Is 17385397859 a composite number?
True
Is 1050469421 composite?
False
Is 5871395867 prime?
True
Is 30490244461 composite?
False
Is 5837655617 a prime number?
True
Is 35158729309 a composite number?
True
Is 1826933477 a composite number?
False
Is 12818986673 a composite number?
True
Is 2617474439 composite?
True
Is 3153669227 composite?
False
Is 676839133 composite?
False
Is 91327771247 composite?
True
Is 105593518945 prime?
False
Is 39014613751 composite?
False
Is 7771704583 prime?
True
Is 132841259 composite?
False
Is 54179094511 composite?
False
Is 765974263 a prime number?
True
Is 43896782 composite?
True
Is 538125967 prime?
True
Is 39789